9529
What are the prime factors of 1563003?
3, 13, 61, 73
What are the prime factors of 543087?
3, 60343
List the prime factors of 367534.
2, 151, 1217
List the prime factors of 17831104.
2, 278611
List the prime factors of 483135.
3, 5, 31, 1039
What are the prime factors of 2062?
2, 1031
List the prime factors of 65701.
65701
What are the prime factors of 3506798?
2, 53, 33083
List the prime factors of 1340957.
47, 103, 277
List the prime factors of 2355873.
3, 13, 29, 2083
What are the prime factors of 18833848?
2, 11, 214021
List the prime factors of 94527.
3, 389
What are the prime factors of 668344?
2, 19, 4397
List the prime factors of 1528599.
3, 61, 8353
What are the prime factors of 73982?
2, 71, 521
List the prime factors of 430312.
2, 19, 149
List the prime factors of 8348331.
3, 31, 89767
What are the prime factors of 14055365?
5, 2811073
List the prime factors of 1883091.
3, 7, 89671
What are the prime factors of 330652?
2, 7, 241
What are the prime factors of 104303?
37, 2819
List the prime factors of 8148981.
3, 2716327
List the prime factors of 36021974.
2, 1051, 17137
List the prime factors of 6480833.
29, 199, 1123
What are the prime factors of 14092559?
13, 1084043
What are the prime factors of 7763005?
5, 43, 36107
What are the prime factors of 26921583?
3, 13, 109, 2111
What are the prime factors of 137910?
2, 3, 5, 4597
List the prime factors of 1628798.
2, 814399
What are the prime factors of 16890603?
3, 5630201
List the prime factors of 1934241.
3, 644747
What are the prime factors of 983604?
2, 3, 81967
What are the prime factors of 21723054?
2, 3, 1873, 1933
What are the prime factors of 497400?
2, 3, 5, 829
What are the prime factors of 19358607?
3, 6452869
What are the prime factors of 754171?
11, 17, 37, 109
List the prime factors of 14412648.
2, 3, 41, 97, 151
List the prime factors of 2089684.
2, 53, 9857
List the prime factors of 1300654.
2, 650327
List the prime factors of 889649.
113, 7873
What are the prime factors of 112214?
2, 19, 2953
What are the prime factors of 9372759?
3, 11, 284023
List the prime factors of 9506148.
2, 3, 792179
What are the prime factors of 27576?
2, 3, 383
List the prime factors of 4097682.
2, 3, 75883
List the prime factors of 4683777.
3, 7, 223037
List the prime factors of 9589007.
691, 13877
What are the prime factors of 63383?
241, 263
What are the prime factors of 12640?
2, 5, 79
What are the prime factors of 454250?
2, 5, 23, 79
List the prime factors of 1172078.
2, 107, 5477
List the prime factors of 29257289.
17, 449, 3833
What are the prime factors of 10674802?
2, 5337401
List the prime factors of 2660940.
2, 3, 5, 14783
List the prime factors of 1998059.
7, 19, 83, 181
List the prime factors of 1120402.
2, 17, 31, 1063
What are the prime factors of 199367?
7, 19, 1499
What are the prime factors of 503088?
2, 3, 47, 223
List the prime factors of 3692053.
3692053
List the prime factors of 3119876.
2, 19, 41051
What are the prime factors of 1149675?
3, 5, 15329
List the prime factors of 18159024.
2, 3, 13, 29101
What are the prime factors of 2135806?
2, 1067903
What are the prime factors of 28827?
3, 3203
List the prime factors of 12415482.
2, 3, 79, 8731
What are the prime factors of 1111247?
1111247
What are the prime factors of 32185773?
3, 73, 48989
List the prime factors of 3776078.
2, 281, 6719
List the prime factors of 844301.
61, 13841
What are the prime factors of 7693636?
2, 1923409
What are the prime factors of 30991674?
2, 3, 7, 737897
What are the prime factors of 629939?
629939
What are the prime factors of 4213921?
71, 59351
What are the prime factors of 371009?
41, 9049
List the prime factors of 443951.
31, 14321
What are the prime factors of 58729?
11, 19, 281
List the prime factors of 3366721.
677, 4973
What are the prime factors of 231420?
2, 3, 5, 7, 19, 29
List the prime factors of 9417079.
7, 1345297
List the prime factors of 193194.
2, 3, 10733
List the prime factors of 2000478.
2, 3, 29, 11497
What are the prime factors of 686770?
2, 5, 7, 9811
List the prime factors of 157917.
3, 52639
What are the prime factors of 59967?
3, 2221
What are the prime factors of 29729473?
4759, 6247
List the prime factors of 73700.
2, 5, 11, 67
List the prime factors of 10526580.
2, 3, 5, 58481
List the prime factors of 406368.
2, 3, 17, 83
What are the prime factors of 517522?
2, 19, 13619
List the prime factors of 9912335.
5, 1982467
List the prime factors of 2961125.
5, 23689
List the prime factors of 247188.
2, 3, 20599
List the prime factors of 14385189.
3, 7, 13, 23, 29, 79
List the prime factors of 233745.
3, 5, 15583
What are the prime factors of 1383060?
2, 3, 5, 7, 37, 89
List the prime factors of 372053.
11, 149, 227
List the prime factors of 18405156.
2, 3, 7, 11, 19919
What are the prime factors of 12371?
89, 139
What are the prime factors of 7936324?
2, 11, 180371
List the prime factors of 926388.
2, 3, 25733
What are the prime factors of 418302?
2, 3, 17, 1367
What are the prime factors of 2219985?
3, 5, 49333
List the prime factors of 5367675.
3, 5, 71569
What are the prime factors of 61676?
2, 17, 907
List the prime factors of 964727.
457, 2111
List the prime factors of 1239426.
2, 3, 37, 1861
List the prime factors of 603007.
17, 79, 449
What are the prime factors of 1170291?
3, 390097
What are the prime factors of 724304?
2, 7, 29, 223
List the prime factors of 588483.
3, 7, 9341
List the prime factors of 20717915.
5, 41, 101063
What are the prime factors of 583160?
2, 5, 61, 239
What are the prime factors of 55648?
2, 37, 47
What are the prime factors of 504395?
5, 281, 359
List the prime factors of 22594231.
11, 2054021
What are the prime factors of 3275894?
2, 31, 52837
What are the prime factors of 117416?
2, 13, 1129
List the prime factors of 2889127.
43, 67189
List the prime factors of 5193008.
2, 463, 701
List the prime factors of 403526.
2, 89, 2267
List the prime factors of 4172162.
2, 2086081
What are the prime factors of 15198329?
15198329
List the prime factors of 3807929.
37, 97, 1061
What are the prime factors of 2643609?
3, 47, 18749
List the prime factors of 20620480.
2, 5, 64439
What are the prime factors of 411539?
23, 29, 617
List the prime factors of 5897267.
5897267
List the prime factors of 205112.
2, 25639
What are the prime factors of 8316019?
83, 100193
List the prime factors of 318779.
191, 1669
List the prime factors of 1024576.
2, 7, 2287
List the prime factors of 12985934.
2, 13, 499459
What are the prime factors of 12912?
2, 3, 269
What are the prime factors of 1542711?
3, 43, 11959
What are the prime factors of 261812?
2, 29, 37, 61
What are the prime factors of 2342637?
3, 11, 23663
What are the prime factors of 8692791?
3, 47, 61651
What are the prime factors of 82801?
31, 2671
List the prime factors of 703046.
2, 157, 2239
List the prime factors of 16271177.
13, 347, 3607
What are the prime factors of 845079?
3, 43, 6551
What are the prime factors of 50005?
5, 73, 137
List the prime factors of 4984867.
47, 67, 1583
What are the prime factors of 2025695?
5, 7, 31, 1867
What are the prime factors of 23729988?
2, 3, 1977499
List the prime factors of 2458885.
5, 11, 13, 19, 181
List the prime factors of 5199826.
2, 1289, 2017
What are the prime factors of 937497?
3, 11, 28409
What are the prime factors of 289528?
2, 36191
What are the prime factors of 249389?
7, 23, 1549
List the prime factors of 98146.
2, 31, 1583
List the prime factors of 365688.
2, 3, 1693
What are the prime factors of 311577?
3, 7, 37, 401
List the prime factors of 2251859.
2251859
List the prime factors of 4615547.
83, 55609
What are the prime factors of 407554?
2, 7, 43, 677
What are the prime factors of 5830061?
5830061
What are the prime factors of 31233?
3, 29, 359
List the prime factors of 602154.
2, 3, 7, 59
What are the prime factors of 9394640?
2, 5, 43, 2731
List the prime factors of 342040.
2, 5, 17, 503
List the prime factors of 594908.
2, 148727
List the prime factors of 1806488.
2, 17, 37, 359
List the prime factors of 1305480.
2, 3, 5, 11, 23, 43
What are the prime factors of 309552?
2, 3, 6449
List the prime factors of 223114.
2, 281, 397
What are the prime factors of 8120579?
1153, 7043
List the prime factors of 31503942.
2, 3, 